ose 9*d - 4*d - 996 = -4*s, -s - 4*d = -260. What is the tens digit of s?
4
Suppose 106 = 5*x - 3*x. What is the units digit of x?
3
Let r be 42/(-5) + (-2)/(-5). Let p = 40 + -60. What is the units digit of (-2)/r + (-115)/p?
6
Let h(v) = v - 5. Suppose 0 = 4*f - 17 - 7. What is the units digit of h(f)?
1
Let s(f) = 10*f**3 + 1 + 12*f**2 + f**3 - f - 13*f**2. Let n be s(1). Suppose 0*h + n = h. What is the units digit of h?
0
Let i(g) = -g**3 - g**2 - g + 19. Let j be i(0). Suppose -2*z = 5*q - 29, 5*z - z - 3*q = j. What is the units digit of z + 4/(-2) + -2?
3
Let t = 143 + -20. What is the hundreds digit of t?
1
Suppose 4*g - 2*u = 12, 0 = -0*u - u - 2. What is the units digit of g?
2
Suppose 5*k - 118 = -4*i, 124 = -2*i + 6*i + 2*k. What is the units digit of i?
2
Let p(a) = a**3 - 4*a**2 + a + 2. Suppose 2*i - 17 = -3*d + 1, -5*d + 3*i = -11. What is the units digit of p(d)?
6
Let g = 161 - 106. Let h = g - 38. What is the units digit of h?
7
Let q = 9 - -17. What is the tens digit of q?
2
Let w be (-6)/4 - (-2)/(-4). Let s = -2 + 1. What is the units digit of (s/(-3))/(w/(-102))?
7
Let z = -97 + 137. What is the tens digit of z?
4
Let n(w) = w**3 - w**2 + 2*w - 2. Suppose -5 = -2*m - 1. What is the units digit of n(m)?
6
What is the hundreds digit of ((-40)/25)/((-2)/175)?
1
Suppose 0*f + 3*f = 5*s + 21, -f - 3*s = 7. Suppose -4*x + 4*u = -x - 12, 0 = -f*x + u + 13. What is the units digit of x?
8
Let l(v) = 23*v. What is the units digit of l(1)?
3
Suppose -2*i + 140 = 2*i. What is the units digit of i?
5
Let s be ((-9)/(-3))/(-3) + 37. Let b = -11 + s. What is the tens digit of b?
2
Let b be 234/8 + (-4)/16. Suppose -b + 7 = -2*h. Let t = 15 - h. What is the units digit of t?
4
Suppose -7*r + 866 + 23 = 0. What is the units digit of r?
7
Suppose 0 = -2*t - 0 - 252. What is the units digit of 2/(-5) + t/(-15)?
8
Let w(s) = -s**3 - 9*s**2 - 9*s + 8. Let d be w(-8). Suppose 3*x + 3*j = j - d, -x - 2*j - 12 = 0. What is the units digit of 3 + 4/x + 3?
4
Suppose 2*b = 6*b + 8, 2*f = 3*b + 444. What is the tens digit of f?
1
Suppose 0 = p - 4 + 2. What is the units digit of (11 - p)*8/4?
8
Let x = 134 + -66. What is the tens digit of x?
6
Let n(p) = -p**3 + 17*p**2 + 22*p - 26. What is the tens digit of n(18)?
4
Suppose 2*j - 440 = -6*j. What is the units digit of j?
5
What is the tens digit of (-1 - 1)/((-1)/22)?
4
Suppose 0 = 3*l + 4*c + 8 + 14, 3*c = -12. Suppose 2*w - 23 = 5*t - 0*t, 4*t = -12. What is the units digit of (1*l)/(w + -5)?
2
Let p be 11 + 3/((-9)/(-3)). Suppose -2*r = -5*j + p, 3*j - r - 9 = -1. What is the units digit of ((-6)/j)/((-6)/32)?
8
Let m(s) = 4*s**2 + 4*s. Let b(o) = 7*o**2 + 8*o - 1. Let p(q) = -3*b(q) + 5*m(q). What is the units digit of p(-3)?
6
Let b(n) = -5*n**3 + 2*n**2 + 6*n + 3. What is the tens digit of b(-2)?
3
Let o(v) = 4*v**2 - 11. What is the tens digit of o(-5)?
8
Let b(i) = -i**3 - 7*i**2 - 7*i - 5. Let r(l) = -3*l. Let o be r(2). What is the units digit of b(o)?
1
Let t(d) = 8*d. Let f be t(-1). Let u = 3 + f. Let p(a) = -a**3 - 5*a**2 - 2*a - 3. What is the units digit of p(u)?
7
Let u(n) = n**3 - 6*n**2 - 5*n - 8. Suppose 4*d = -5*f - 50, 0*d + 2*d + 3*f + 26 = 0. Let x = d - -17. What is the units digit of u(x)?
6
Let c(w) = -24*w + 2. What is the units digit of c(-1)?
6
Suppose -2*s - 2 = 4*d, -4*d + 0 = 5*s - 7. Suppose -59 = -q + 3*i - 10, -s*i + 155 = 5*q. What is the tens digit of q?
3
Let n(s) = s**2 - 4*s + 2. Suppose 2*d - d - 66 = 0. Let f be d/15 + (-4)/10. What is the units digit of n(f)?
2
Let l = -7 + -45. Let j = 104 + l. What is the tens digit of j?
5
Let u(m) = -6*m**3 + 8*m**2 + 8*m - 16. Let k(x) = 7*x**3 - 8*x**2 - 8*x + 17. Let q(l) = -5*k(l) - 6*u(l). What is the tens digit of q(9)?
2
What is the units digit of 42 + -5 + 4 + -1?
0
Suppose 3*f + 2 = 2*f, -f + 30 = 4*r. What is the units digit of r?
8
Let b(w) = 7 + 4*w**2 - 5*w**2 + 8 - w. Suppose 61*c - 59*c = 0. What is the units digit of b(c)?
5
Suppose 0 = -f - 3 + 8. Suppose -f*i + 2*i = 0. Suppose i = 2*a - 1 - 11. What is the units digit of a?
6
Suppose 0 = v - 0*v - 4. Let s = v + -10. What is the tens digit of ((-6)/s)/(2/30)?
1
Let m(h) = -h**3 + 3*h**2 + 4*h + 4. Let c be m(4). Suppose 107 = 5*g + d + 17, 73 = c*g + d. What is the tens digit of g?
1
Let o be 564/(-15) - 2/5. Let p = o - -69. What is the units digit of p?
1
Let n = -20 - 3. Let m = -1 - n. What is the tens digit of m?
2
Let q(a) = 2*a + 7. Let z be q(-6). Let j = 7 + z. Suppose 6*l - 50 = -j*d + 2*l, -5*l = -d - 3. What is the units digit of d?
7
Let l = -4 + 6. Let z(k) = k**2 - 1. Let s be z(l). Suppose 4*v = 5*y + 24, 3*v + s*y - 23 = 2*v. What is the tens digit of v?
1
Suppose 5*c + 48 = 9*c. Let s = c - 11. What is the units digit of s?
1
Let d = -4 + 63. What is the tens digit of d?
5
Let y = 15 + -5. What is the units digit of y?
0
What is the hundreds digit of (205/(-20))/(3/(-60))?
2
Let y = 11 - -10. Suppose -6*a + 3*a - y = 0. Let g = a - -16. What is the units digit of g?
9
Let q(m) = 13 - 2*m + 2*m + 0*m - m. What is the units digit of q(8)?
5
Let b = 9 + 23. What is the tens digit of b?
3
Let l(m) = 2*m + 5 + 1 - m. Let j be l(0). Suppose -5 = 5*o + 2*q - j*q, 2*o - 3*q = -9. What is the units digit of o?
3
Suppose -267 = -9*i + 282. What is the units digit of i?
1
Let k = 40 + -25. What is the tens digit of k?
1
Suppose -d + 242 + 46 = l, -3*d + 2*l + 849 = 0. What is the tens digit of d?
8
Suppose 204 = 4*q - 640. What is the units digit of q?
1
Let g(o) be the second derivative of -o**5/120 + o**4/24 + o**3/3 + 3*o. Let r(t) be the second derivative of g(t). What is the units digit of r(-3)?
4
Suppose -2*v = 2*o - 24, -o = -6*o - 2*v + 66. Suppose 0 = -5*x - 25, 0*j - 4*x = 3*j + o. Suppose 7*q - j*q - 60 = 0. What is the tens digit of q?
1
Suppose 2*g + 8 = -4. What is the units digit of (-1 - -9)/(g + 8)?
4
Let z = -50 - -143. What is the units digit of ((-14)/21)/((-2)/z)?
1
Suppose 5*p + 4 = 29. Let r = 2 + p. What is the units digit of r?
7
Suppose 11 - 3 = 2*m. Let d = -1 + m. What is the units digit of d?
3
Let u = 192 + -82. What is the hundreds digit of u?
1
Let j(v) = v + 9. What is the units digit of j(-6)?
3
Suppose -2*a + 43 = -3*t, 4*a = -3*t + 133 - 38. What is the units digit of a?
3
Let o be ((-18)/4 - -1)*2. Let z(s) = -s**2 - 8*s + 2. What is the units digit of z(o)?
9
Let z(w) = -w**3 + 2*w**2 - 2*w + 2. Let m be z(2). What is the units digit of 4 - 3 - (-5 - m)?
4
Suppose 6*n = 2*n + 20. Suppose -n*z - 116 = -10*z - 4*a, -a = 1. What is the tens digit of z?
2
Suppose -11 = -4*d - 3. Let g be d/2*(-2 - -3). Suppose 4*t - 14 - g = 5*x, 0 = 5*x - t. What is the units digit of x?
1
Let g(v) = v**2 - v + 3. Let q(f) = -1. Let n(a) = g(a) - 5*q(a). What is the units digit of n(7)?
0
Suppose 0 = -2*y + 3*s + 11, -4*y - s = -0*s - 43. Let d = y + -2. What is the units digit of d?
8
Let f be (-4)/8 + 1/2. Let t be f*((-3)/2 + 1). Suppose t = 5*o - 2*n - n - 23, -2*o + 9 = -n. What is the units digit of o?
4
Suppose 2*z - 4 = -0*z. Suppose z*p + 128 = 4*y, -y = -6*y + 5*p + 150. Suppose -3*r - d + 8 + 11 = 0, -4*d = 5*r - y. What is the units digit of r?
6
Let h = -19 + 23. What is the units digit of (-1)/(h/(-528)*3)?
4
Let w = 12 - 8. Suppose 0*d - 2*d + w = 0. What is the units digit of d?
2
Let s(c) = -11*c**3. Let i be s(-1). Let q = 21 - i. What is the tens digit of q?
1
Let x(b) = -b**2 + 15*b - 7. Let y be x(13). Let w = 39 - y. What is the units digit of w?
0
Suppose -3*r + 56 = r. Let m = r - 7. Suppose -1 = -s + m. What is the units digit of s?
8
Let n(y) = -3*y + 1. What is the tens digit of n(-9)?
2
Let p(m) be the third derivative of m**4/24 + 2*m**3/3 - m**2. Let k be p(-4). Suppose k*o - 18 = -3*o. What is the units digit of o?
6
Let m = 8 + -10. What is the units digit of 2*(-13)/4*m?
3
Let k(s) = -s**3 + s. Let z(f) = 7*f**3 - 11*f**2 + 4*f + 13. Let y(o) = 6*k(o) + z(o). What is the units digit of y(10)?
3
Suppose y = -4*i + 319, -4*i - y = -9*i + 392. What is the tens digit of i?
7
Suppose -d - 3*a + 0 + 1 = 0, d = 2*a + 6. Suppose -5*t + 3*t + 18 = 0. Let k = t - d. What is the units digit of k?
5
Let q(p) = -18*p**2 - p + 1. Let b be q(1). Let f be (1/(-3))/((-2)/b). What is the units digit o